 the prime factors of 443652.
2, 3, 11, 3361
What are the prime factors of 41486329?
19, 809, 2699
What are the prime factors of 2280938?
2, 11, 199, 521
List the prime factors of 10304693.
7, 151, 9749
What are the prime factors of 129038?
2, 7, 13, 709
List the prime factors of 14868256.
2, 13, 103, 347
What are the prime factors of 38855?
5, 19, 409
List the prime factors of 8786996.
2, 2196749
What are the prime factors of 154882?
2, 7, 13, 23, 37
List the prime factors of 1894089.
3, 17, 37139
What are the prime factors of 7778723?
137, 56779
List the prime factors of 2082247.
2082247
List the prime factors of 13598421.
3, 4532807
What are the prime factors of 1694545?
5, 338909
List the prime factors of 677066.
2, 13, 26041
What are the prime factors of 3126105?
3, 5, 127, 547
List the prime factors of 9104758.
2, 13, 17, 20599
List the prime factors of 77104.
2, 61, 79
What are the prime factors of 345329?
345329
List the prime factors of 8936500.
2, 5, 61, 293
List the prime factors of 439067.
599, 733
List the prime factors of 8353939.
11, 19, 39971
List the prime factors of 2109374.
2, 181, 5827
What are the prime factors of 3510567?
3, 130021
List the prime factors of 4546259.
17, 15731
What are the prime factors of 28568?
2, 3571
What are the prime factors of 3201235?
5, 640247
List the prime factors of 6268820.
2, 5, 31, 10111
What are the prime factors of 1409727?
3, 11, 42719
List the prime factors of 7593799.
7593799
What are the prime factors of 9878351?
7, 201599
What are the prime factors of 1572671?
23, 101, 677
What are the prime factors of 90425?
5, 3617
List the prime factors of 48532.
2, 11, 1103
What are the prime factors of 32753324?
2, 8188331
List the prime factors of 225022.
2, 7, 16073
What are the prime factors of 359138?
2, 13, 19, 727
What are the prime factors of 737291?
737291
What are the prime factors of 610860?
2, 3, 5, 10181
What are the prime factors of 681922?
2, 59, 5779
What are the prime factors of 788720?
2, 5, 9859
List the prime factors of 4360015.
5, 11, 79273
List the prime factors of 10033849.
7, 599, 2393
List the prime factors of 52462.
2, 17, 1543
What are the prime factors of 2975983?
2975983
List the prime factors of 3381077.
7, 31, 15581
List the prime factors of 2029847.
53, 38299
What are the prime factors of 498793?
239, 2087
What are the prime factors of 3595100?
2, 5, 35951
What are the prime factors of 2730293?
1607, 1699
List the prime factors of 161872.
2, 67, 151
What are the prime factors of 3376172?
2, 844043
What are the prime factors of 520305?
3, 5, 34687
What are the prime factors of 2492966?
2, 7, 178069
What are the prime factors of 72302?
2, 36151
List the prime factors of 8740900.
2, 5, 7, 12487
What are the prime factors of 1041555?
3, 5, 23, 3019
What are the prime factors of 16893005?
5, 457, 7393
What are the prime factors of 156299?
11, 13, 1093
What are the prime factors of 1054486?
2, 467, 1129
List the prime factors of 21756.
2, 3, 7, 37
List the prime factors of 65954.
2, 7, 673
List the prime factors of 6071047.
6071047
What are the prime factors of 8673479?
167, 311
List the prime factors of 4672301.
4672301
What are the prime factors of 533706?
2, 3, 88951
List the prime factors of 394695.
3, 5, 7, 179
List the prime factors of 9890841.
3, 373, 8839
List the prime factors of 3894752.
2, 121711
List the prime factors of 1371496.
2, 7, 19, 1289
What are the prime factors of 19415990?
2, 5, 11, 176509
What are the prime factors of 78940?
2, 5, 3947
List the prime factors of 3426315.
3, 5, 228421
What are the prime factors of 1010991?
3, 336997
List the prime factors of 1797738.
2, 3, 299623
What are the prime factors of 13247463?
3, 101, 43721
What are the prime factors of 1042235?
5, 59, 3533
What are the prime factors of 1622495?
5, 7, 151, 307
What are the prime factors of 454419?
3, 7, 7213
What are the prime factors of 492608?
2, 43, 179
What are the prime factors of 2713748?
2, 678437
What are the prime factors of 18206?
2, 9103
List the prime factors of 228473.
7, 127, 257
List the prime factors of 71785.
5, 7, 293
What are the prime factors of 212529?
3, 70843
What are the prime factors of 15758?
2, 7879
What are the prime factors of 295362?
2, 3, 61, 269
What are the prime factors of 90242?
2, 45121
List the prime factors of 56239.
56239
What are the prime factors of 1218445?
5, 197, 1237
List the prime factors of 290556.
2, 3, 7, 1153
What are the prime factors of 409295?
5, 109, 751
List the prime factors of 621826.
2, 17, 18289
What are the prime factors of 214665?
3, 5, 11, 1301
What are the prime factors of 509193?
3, 18859
List the prime factors of 1376900.
2, 5, 7, 281
List the prime factors of 427469.
7, 79, 773
List the prime factors of 21369.
3, 17, 419
What are the prime factors of 19311453?
3, 7, 11353
List the prime factors of 515331.
3, 57259
What are the prime factors of 1406167?
7, 200881
List the prime factors of 11628655.
5, 643, 3617
List the prime factors of 119746.
2, 11, 5443
What are the prime factors of 1501471?
1501471
What are the prime factors of 226256?
2, 79, 179
What are the prime factors of 4488418?
2, 11, 204019
What are the prime factors of 9451301?
293, 32257
List the prime factors of 5918965.
5, 13, 41, 2221
List the prime factors of 6870922.
2, 3435461
List the prime factors of 1448786.
2, 724393
List the prime factors of 2086618.
2, 19, 43, 1277
What are the prime factors of 2174032?
2, 7, 47, 59
What are the prime factors of 5977740?
2, 3, 5, 67, 1487
List the prime factors of 8778491.
1123, 7817
What are the prime factors of 4874451?
3, 67, 24251
What are the prime factors of 3227666?
2, 13, 43, 2887
List the prime factors of 2180363.
929, 2347
What are the prime factors of 1030837?
23, 44819
List the prime factors of 121746.
2, 3, 103, 197
List the prime factors of 6600954.
2, 3, 23, 31, 1543
What are the prime factors of 261238?
2, 130619
What are the prime factors of 8923956?
2, 3, 37, 101, 199
List the prime factors of 1002387.
3, 67, 4987
What are the prime factors of 162617?
7, 13, 1787
What are the prime factors of 4130202?
2, 3, 23, 173
List the prime factors of 14410265.
5, 19, 151687
What are the prime factors of 1607993?
761, 2113
List the prime factors of 2548532.
2, 7, 91019
What are the prime factors of 1564350?
2, 3, 5, 10429
List the prime factors of 16715.
5, 3343
List the prime factors of 340340.
2, 5, 7, 11, 13, 17
What are the prime factors of 12660234?
2, 3, 1103, 1913
List the prime factors of 119437.
83, 1439
What are the prime factors of 11067658?
2, 7, 790547
List the prime factors of 10582940.
2, 5, 353, 1499
What are the prime factors of 1314555?
3, 5, 11, 31, 257
List the prime factors of 3443046.
2, 3, 31, 107, 173
What are the prime factors of 236861?
17, 13933
List the prime factors of 3419993.
167, 20479
List the prime factors of 1382447.
11, 109, 1153
What are the prime factors of 304049?
304049
What are the prime factors of 4899124?
2, 59, 20759
What are the prime factors of 10464095?
5, 17, 307, 401
List the prime factors of 815429.
109, 7481
What are the prime factors of 149041?
103, 1447
List the prime factors of 2012125.
5, 16097
List the prime factors of 160866.
2, 3, 331
List the prime factors of 6558521.
47, 2969
List the prime factors of 351379.
7, 71, 101
What are the prime factors of 323764?
2, 7, 31, 373
What are the prime factors of 39553?
37, 1069
What are the prime factors of 1291830?
2, 3, 5, 17, 149
List the prime factors of 8847744.
2, 3, 23041
What are the prime factors of 398713?
7, 79, 103
List the prime factors of 491233.
61, 8053
List the prime factors of 5927361.
3, 11, 53, 3389
What are the prime factors of 1588826?
2, 794413
What are the prime factors of 195574?
2, 97787
List the prime factors of 922963.
19, 31, 1567
List the prime factors of 341513.
17, 20089
What are the prime factors of 862867?
283, 3049
List the prime factors of 4906680.
2, 3, 5, 31, 1319
What are the prime factors of 820444?
2, 205111
What are the prime factors of 18986729?
163, 116483
List the prime factors of 18387491.
18387491
What are the prime factors of 9328432?
2, 23, 25349
What are the prime factors of 290555?
5, 58111
List the prime factors of 210464.
2, 6577
What are th